2*t - 21. Let h be o(16). Suppose h*j - 14*j + 849 = 0. What is the units digit of j?
3
Let i = -546 - 1408. Let x = 3031 + i. What is the hundreds digit of x?
0
Let d = -8747 + 17580. What is the tens digit of d?
3
Let b be (2 - 5 - -4)/(8*7/560). Let f(l) = 7*l**3 - 3*l**2 - l + 2. Let v be f(2). Let w = b + v. What is the units digit of w?
4
Suppose -3*n - 2*n = -5*w - 40, -5*n + 28 = -4*w. Let k = -31 + w. Let r = k + 55. What is the units digit of r?
2
Suppose 0*o + 520 = 5*o + l, l = 0. Suppose -u = -106 + o. What is the units digit of u?
2
Let b be -8*(-5)/15*3. Suppose 0 = 3*c - z - 16, c - b = -c - 2*z. Suppose 2*l + 6 = 0, c*w - 5*l + 8*l = 1221. What is the tens digit of w?
4
Let h(j) = j**3 - 20*j - 12. Let w be h(5). Suppose n - 17*v + w*v = 58, -2*v = 4*n - 286. What is the tens digit of n?
7
Let l be -9 + 17 - 6/2. Suppose -4*x + 349 + 919 = -5*t, -l*x - 2*t + 1618 = 0. What is the hundreds digit of x?
3
Suppose 32*n - 127911 = 24217. What is the thousands digit of n?
4
Let s(i) = 4*i**2 - 14*i - 3. Let w be s(4). Suppose -4*n - 8 = 0, -3*o + 5*n + 18 = 2. What is the tens digit of o/w*15/4*18?
2
Suppose 0 = -6*v + 7 + 5. What is the tens digit of (v - 89)/((-3)/6)?
7
Suppose 2*k = -4*y + 4*k + 21428, -3*y + 16069 = -k. What is the hundreds digit of y?
3
Let d = -1230 - -2703. What is the hundreds digit of d?
4
Suppose -7*v + 2103 = -15152. What is the thousands digit of v?
2
Let k(u) = 231*u + 257. What is the hundreds digit of k(4)?
1
Let v(j) = 603*j**2 + 1535*j + 9252. What is the tens digit of v(-6)?
5
Suppose 2*d + 5*r + 3 + 2 = 0, -30 = -d + 4*r. What is the tens digit of 4533/4 - d/40?
3
What is the ten thousands digit of 992*24 - 3 - (-50 - -59)?
2
Suppose -17*g + 11 = 11. Suppose s - 2 = g, -k - s + 5*s + 216 = 0. What is the units digit of k?
4
What is the hundreds digit of 15261 + (60/15 - 10)?
2
Suppose 0 = 2*a - 2*y - 104, -5*y - 92 = -a - a. Let g = 63 - a. What is the units digit of g?
7
Let y(n) = -39*n + 166. Let g be y(10). Let t = 353 - g. What is the units digit of t?
7
What is the hundreds digit of -2*22/(-77) + -1 + (-74178)/(-14)?
2
Suppose -4930 = 5*a + h, 3*h - 970 = 3*a - 2*a. Let k = -689 - a. Suppose -3*y - 2*j + 177 = 0, y + 3*j = -4*y + k. What is the units digit of y?
1
Let l(j) = 1218*j**2 + 34*j - 65. What is the thousands digit of l(2)?
4
Let t(i) = 2096*i**3 - 2*i**2 + 14*i - 20. Let z(y) = -698*y**3 + y**2 - 5*y + 7. Let c(k) = 3*t(k) + 8*z(k). What is the hundreds digit of c(1)?
7
Let g = 131 + -93. Let x = -43 + g. Let z(i) = 3*i + 24. What is the units digit of z(x)?
9
Suppose 56*k - 48*k = 73 + 31. Let q be (-12)/10*60/(-2). Suppose k*c - 11*c = q. What is the units digit of c?
8
Suppose 1616*r - 1632*r = -415056. What is the ten thousands digit of r?
2
Let u = -83 + -38. Suppose 2*m = 3*w - 83, -5*m - 4*w - 199 = 20. Let a = m - u. What is the units digit of a?
8
Suppose 5*b - 322203 = -l, 3*b + 5*l - 40465 - 152848 = 0. Suppose -28*f - 15525 = -b. What is the units digit of f?
7
Suppose 18 = 2*p - 152. Suppose -27*g = -22*g - p. Suppose -g*o = -12*o - 1090. What is the units digit of o?
8
Suppose 3*l = 4*u + 1192, -3*u - 15*l - 894 = -16*l. Let s = u + 323. What is the tens digit of s?
2
Let j(t) = 1475*t**2 - 245*t + 740. What is the hundreds digit of j(3)?
2
Let q = 63 + -4. Let t = q - 24. What is the tens digit of t?
3
Let g = 4183 - -9686. What is the thousands digit of g?
3
Let b(l) = -3*l**2 + 40*l - 52. Let c be b(12). What is the tens digit of c/(-20) + 6 + (-5397)/(-15)?
6
Let w(r) = r**3 + 44*r**2 + 23*r - 60. What is the units digit of w(-42)?
2
Let a(d) be the third derivative of d**5/20 + 3*d**4/8 + 3*d**3/2 - d**2. Suppose -2*c - 29 = -5*w, 55*w = 2*c + 53*w + 20. What is the tens digit of a(c)?
9
Let u(w) = 542*w**2 + 152*w - 9. What is the tens digit of u(-4)?
5
Suppose 30*c = -5*w + 31*c - 626, -w + 4*c - 110 = 0. Let m = w - -439. What is the units digit of m?
3
Let d(l) = 15*l**2 + 30*l - 248. What is the units digit of d(-22)?
2
Suppose -17*s = -22*s - 250. Let p = s + 43. What is the tens digit of ((-6)/p)/(6/546)?
7
Let z = -852 - -81. What is the hundreds digit of z/(8/(-64)*6)?
0
Let v(u) be the third derivative of -u**6/30 - 7*u**5/60 + 13*u**4/24 + 8*u**3/3 - 48*u**2. What is the units digit of v(-6)?
0
Suppose n = 5*j - 0*n - 25, -4*n - 4 = -4*j. Suppose 139 = j*g - 365. What is the units digit of g?
4
Suppose 16*c - 122562 + 17874 = 0. What is the hundreds digit of c?
5
Suppose -10*w + 4*w = -198. Let p = 35 - w. What is the tens digit of ((22/3)/(-1))/(p/(-18))?
6
What is the hundreds digit of 4117 + 9975/(-1710) + 2 + (-26)/12?
1
Suppose 0 = -4*h - 106 - 6. Let z = h + 28. What is the units digit of z - (0 - -61)*-1?
1
Suppose -16*n - 19*n = -3955. Let j = n - -545. What is the units digit of j?
8
Let l(g) = -2*g**3 + g**2 - g. Let d be l(1). What is the hundreds digit of d/(-2 + 0) + (-8 - -136)?
1
Suppose h - 3287 = 5*n, -2*n + 8*h - 13*h - 1331 = 0. Let r = n - -1004. What is the tens digit of r?
4
Suppose 3*i - 2 = 2*d, 0*d + 2*i = 3*d - 2. Let n be (-24)/132 + d/11. Suppose 2*x - 3*o - 342 = n, -x - 652 = -5*x - 2*o. What is the units digit of x?
5
Let f(t) = -13*t**2 + 3*t + 3. Let p be f(-2). Suppose 14694*j - 14683*j - 1584 = 0. Let d = p + j. What is the tens digit of d?
8
Suppose 457 = -20*g - 4363. Let b = g + 329. What is the units digit of b?
8
Let y = 207 - 376. Let b = y - -86. Let l = 103 + b. What is the tens digit of l?
2
Let w(a) be the first derivative of -5*a**4/4 + 7*a**3/3 + 6*a + 39. Let i be w(5). Let x = -200 - i. What is the hundreds digit of x?
2
Let l = -34074 - -41232. What is the hundreds digit of l?
1
Suppose 4*i + 4*p - 8 = 0, i = 5*i - 2*p + 16. What is the hundreds digit of (-17 + 15)/(1/(229/i))?
2
Suppose 23*b - 32822 = 6899. Let v = b + -1213. What is the tens digit of v?
1
Let d(a) = 496*a - 1696. What is the tens digit of d(12)?
5
Suppose -8*a + 26 = -7*a. Let v = a - 24. Suppose b + v*x - 29 = 0, -5*x - 5 - 52 = -b. What is the tens digit of b?
3
Let d(t) = -11*t + 97. Let l(j) = -j**3 - 42*j**2 - 43*j - 74. Let p be l(-41). What is the units digit of d(p)?
9
Let l = 31135 - 17283. What is the hundreds digit of l?
8
Suppose 0 = 25*b - 3434 - 191. Suppose -119*s + b*s = 9568. What is the units digit of s?
8
Let c be ((-6403)/(-3) + 3)/(4/6). Suppose -t + 8*t - c = 0. What is the hundreds digit of t?
4
Let a(b) = -b**2 - 17*b - 28. Suppose 7*t + 15 = 6*t. Let h be a(t). Suppose 3*f + h*c = 174 + 51, -4*f = -c - 300. What is the tens digit of f?
7
Let j(h) = -h**2 - 8*h - 17. Let t be j(-6). Let z = 35 + t. What is the tens digit of (8/3)/(z/135)?
1
Suppose 168 = -11*k - 13*k. What is the tens digit of (102/(-15))/(((-14)/k)/(-90))?
0
Let a = 5 - 22. Let y = -3 - -2. Let k = y - a. What is the units digit of k?
6
Let k(j) = 7*j**3 + 31*j**2 - 6*j + 85. Let h(v) = 5*v**3 + 31*v**2 - 3*v + 86. Let t(n) = 4*h(n) - 3*k(n). What is the hundreds digit of t(31)?
2
Suppose 7205 = -44*j - 6127. Let i = -223 - j. What is the units digit of i?
0
Suppose 2*x - l = -0*x + 1, 2*x + 2*l = -8. Let r(b) = -b - 1. Let w(f) = 7*f + 4. Let s(y) = x*w(y) + 3*r(y). What is the units digit of s(-6)?
3
Let a = 220 + -154. Let f be (-12*2/10)/((-10)/975). Let l = f + a. What is the hundreds digit of l?
3
Let o(f) = -26*f - 181. Let r be o(0). Let p = r + 980. What is the tens digit of p?
9
Suppose 0 = 5*t + 2*f - 22230, 5*t - 22255 = 26*f - 23*f. What is the hundreds digit of t?
4
Let n(s) = 65*s - 82. What is the tens digit of n(12)?
9
Let w = -19004 - -38897. What is the thousands digit of w?
9
Suppose 0 = -3*k + d - 2*d - 1762, 5*d + 1778 = -3*k. Let j = 977 + k. What is the hundreds digit of j?
3
Let b(c) = -51*c - 218. Suppose -21 - 14 = 5*g. What is the units digit of b(g)?
9
Let w = -20451 - -34291. What is the thousands digit of w?
3
Let z = 33 - 30. Suppose -4*j + z*m + 47 = 0, 2*m = 2*j - 2*m - 36. Suppose j*r - 13*r = -815. What is the hundreds digit of r?
1
Let t = 185 - 157. What is the units digit of t/6 + -5 - 1202/(-6)?
0
Suppose 279*z + 160*z - 13857035 = 0. What is the tens digit of z?
6
Suppose 2109343 = 163*o - 36*o. What is the ten thousands digit of o?
1
Suppose -27*q - 1382 = 7366. Let b = 513 + q. What is the units